ime number?
True
Is 849019 prime?
True
Is 403853 composite?
True
Is 51413743 composite?
False
Is 2040197 composite?
True
Is 33199891 a prime number?
True
Is 6937111 composite?
False
Is 72023431 prime?
False
Is 899923 a composite number?
True
Is 116778923 prime?
False
Is 13023323 a prime number?
False
Is 38212271 a composite number?
True
Is 25786529 prime?
True
Is 14522797 prime?
True
Is 334557131 a composite number?
False
Is 107093513 a prime number?
True
Is 259364297 prime?
True
Is 161000549 a composite number?
False
Is 120364747 a prime number?
True
Is 36097535 prime?
False
Is 22386277 prime?
False
Is 513301 a composite number?
True
Is 158778013 a prime number?
True
Is 2003653 prime?
True
Is 91974661 composite?
True
Is 257440861 composite?
True
Is 102244399 prime?
True
Is 13626323 a prime number?
False
Is 5848747 a composite number?
False
Is 3411137 a prime number?
True
Is 329805977 prime?
True
Is 1085257 composite?
True
Is 41860627 a composite number?
False
Is 1301797 composite?
True
Is 2706107 a composite number?
False
Is 25486937 composite?
True
Is 344562857 a prime number?
True
Is 124421 a prime number?
False
Is 8114291 prime?
True
Is 23485927 composite?
False
Is 75086251 a prime number?
True
Is 24075613 a composite number?
False
Is 84057241 a prime number?
False
Is 8654149 a prime number?
False
Is 2639561 prime?
True
Is 265859059 prime?
False
Is 25566559 prime?
True
Is 27225871 a composite number?
False
Is 121110463 composite?
False
Is 262749 a composite number?
True
Is 593951 composite?
False
Is 2746699 composite?
False
Is 114888547 a prime number?
True
Is 21846089 a prime number?
False
Is 2001977 composite?
False
Is 147697477 composite?
False
Is 4628699 prime?
True
Is 792613 a composite number?
False
Is 104323717 a composite number?
False
Is 2390621 a composite number?
True
Is 13579529 composite?
True
Is 35827297 composite?
True
Is 11081029 a composite number?
True
Is 24369337 prime?
True
Is 5211803 a composite number?
False
Is 28600967 composite?
False
Is 4069799 composite?
True
Is 1480756495 prime?
False
Is 1936513 a composite number?
True
Is 52157069 a prime number?
False
Is 24927257 a composite number?
True
Is 121687 a prime number?
True
Is 4327283 a prime number?
True
Is 1683529 a prime number?
False
Is 595701373 composite?
True
Is 2827043 a composite number?
False
Is 120509033 a composite number?
False
Is 4482087 composite?
True
Is 490687 a prime number?
False
Is 38546819 prime?
True
Is 257991973 a composite number?
False
Is 7549741 composite?
False
Is 795871 prime?
True
Is 53745193 prime?
True
Is 893982593 a prime number?
False
Is 7404337 composite?
False
Is 60005177 composite?
False
Is 189742409 a composite number?
False
Is 4776637 a prime number?
True
Is 8003717 composite?
False
Is 90075091 a composite number?
False
Is 407187433 a composite number?
False
Is 69785315 a composite number?
True
Is 4324607 a prime number?
False
Is 1134139 a composite number?
True
Is 183885941 prime?
True
Is 718493 prime?
True
Is 7694893 composite?
True
Is 528549139 a prime number?
True
Is 169669769 a composite number?
True
Is 1408597 composite?
False
Is 5378899 composite?
False
Is 1266677 composite?
False
Is 172870129 composite?
True
Is 331194445 composite?
True
Is 4739117 a prime number?
True
Is 8748643 prime?
True
Is 15053657 a prime number?
False
Is 93357527 composite?
True
Is 322519163 composite?
False
Is 54490771 a prime number?
True
Is 58493315 a composite number?
True
Is 461775929 a prime number?
True
Is 9479051 prime?
True
Is 27362729 a prime number?
True
Is 9536267 prime?
False
Is 84791327 a composite number?
False
Is 269189717 composite?
True
Is 1675181 a composite number?
False
Is 46438121 prime?
True
Is 8100089 prime?
False
Is 39585694 a prime number?
False
Is 1103726551 a composite number?
False
Is 1238551 a composite number?
False
Is 80624827 composite?
False
Is 3787856879 a prime number?
True
Is 3385817 prime?
True
Is 215893 a composite number?
False
Is 861079 composite?
False
Is 62171121 prime?
False
Is 467494 prime?
False
Is 33481187 composite?
False
Is 36151 a prime number?
True
Is 45132071 a composite number?
True
Is 22318927 a composite number?
False
Is 2061935 a composite number?
True
Is 8149291 a prime number?
False
Is 941055619 a prime number?
False
Is 15933341 prime?
True
Is 84746807 a prime number?
False
Is 137164861 a prime number?
True
Is 24814469 a prime number?
True
Is 184122401 a composite number?
False
Is 408139421 a composite number?
False
Is 4042463 composite?
False
Is 629653 a prime number?
True
Is 528161357 prime?
True
Is 105349479 a prime number?
False
Is 2053153 composite?
True
Is 3295057 prime?
False
Is 684923 prime?
True
Is 1492017 a prime number?
False
Is 87001381 prime?
True
Is 701153 composite?
True
Is 71964391 a composite number?
True
Is 3167107 a composite number?
False
Is 138971429 prime?
True
Is 5490089 a composite number?
True
Is 2007101 prime?
False
Is 3845183 a prime number?
True
Is 3193991 composite?
False
Is 4100849 composite?
False
Is 43339603 composite?
False
Is 27053737 a prime number?
True
Is 10460363 a composite number?
True
Is 7768547 a composite number?
False
Is 7626131 a composite number?
True
Is 2104303 composite?
True
Is 225427 composite?
False
Is 627446307 a composite number?
True
Is 3484967 a composite number?
False
Is 48398039 composite?
True
Is 2623343 prime?
True
Is 42827531 prime?
True
Is 335761 composite?
True
Is 8468639 a composite number?
False
Is 233321 a prime number?
False
Is 1500275477 prime?
True
Is 15786317 prime?
False
Is 12228761 a prime number?
False
Is 10799333 prime?
False
Is 6544481 a prime number?
True
Is 5097667 a prime number?
False
Is 529055309 composite?
True
Is 6401533 a composite number?
False
Is 2360789 prime?
False
Is 103125053 a composite number?
False
Is 1043549 composite?
True
Is 2759441 composite?
False
Is 309317027 a composite number?
False
Is 5037367 a composite number?
True
Is 234429487 prime?
True
Is 562372765 composite?
True
Is 2944363 composite?
False
Is 118538993 composite?
True
Is 31317635 a composite number?
True
Is 5759191 a composite number?
False
Is 1880928197 composite?
True
Is 29294201 a prime number?
False
Is 57844967 a composite number?
False
Is 1350911 prime?
True
Is 7859387 a composite number?
True
Is 509035 prime?
False
Is 2101961 composite?
False
Is 9031423 composite?
True
Is 853155539 a prime number?
False
Is 830399 composite?
True
Is 533565643 a composite number?
True
Is 5925523 composite?
True
Is 105793517 composite?
False
Is 298652521 composite?
True
Is 171278949 a composite number?
True
Is 1617197 composite?
True
Is 284477533 prime?
False
Is 973207 a composite number?
True
Is 1450531 prime?
True
Is 2209387 a composite number?
True
Is 3793259 prime?
True
Is 1230553421 a composite number?
False
Is 180781 composite?
True
Is 114983 composite?
True
Is 1391677 a composite number?
True
Is 18382261 prime?
True
Is 403293557 a prime number?
True
Is 8957081 a composite number?
True
Is 1205894 a prime number?
False
Is 8061493 a prime number?
False
Is 18242429 prime?
False
Is 122583121 a prime number?
True
Is 7674619 prime?
True
Is 18031571 prime?
True
Is 7415563 a composite number?
True
Is 34387491 a composite number?
True
Is 93412983 a prime number?
False
Is 45884759 a composite number?
False
Is 25550467 a prime number?
True
Is 45157657 a prime number?
True
Is 8528623 composite?
True
Is 19518143 a composite number?
False
Is 22035093 prime?
False
Is 5203027 a prime number?
False
Is 1700662 a prime number?
False
Is 4101139 composite?
True
Is 6596321 a prime number?
True
Is 32315254 composite?
True
Is 1188997 composite?
True
Is 1683619 prime?
False
Is 466243 a prime number?
True
Is 151084313 composite?
False
Is 214129 composite?
False
Is 13651721 a composite number?
True
Is 8864686 prime?
False
Is 1974743 a prime number?
True
Is 3404011 a prime number?
False
Is 171403993 a composite number?
False
Is 22028647 a composite number?
True
Is 359243429 a prime number?
True
Is 1124719 a composite number?
False
Is 726875959 composite?
False
Is 8917719 composite?
True
Is 21092347 a composite number?
True
Is 4366678 composite?
True
Is 11341633 a prime number?
True
Is 17178793 composite?
True
Is 10739591 a composite number?
False
Is 7421839 composite